{"id":2155,"date":"2023-08-03T17:40:50","date_gmt":"2023-08-03T20:40:50","guid":{"rendered":"http:\/\/eetad.com.br\/?page_id=2155"},"modified":"2024-09-04T15:02:47","modified_gmt":"2024-09-04T18:02:47","slug":"cursos-rapidos","status":"publish","type":"page","link":"http:\/\/eetad.com.br\/index.php\/cursos-rapidos\/","title":{"rendered":"Cursos R\u00e1pidos"},"content":{"rendered":"\t\t<div data-elementor-type=\"wp-page\" data-elementor-id=\"2155\" class=\"elementor elementor-2155\">\n\t\t\t\t<div class=\"elementor-element elementor-element-3197204 e-flex e-con-boxed e-con e-parent\" data-id=\"3197204\" data-element_type=\"container\" data-e-type=\"container\" data-settings=\"{&quot;background_background&quot;:&quot;classic&quot;}\">\n\t\t\t\t\t<div class=\"e-con-inner\">\n\t\t\t\t<div class=\"elementor-element elementor-element-65047cd title-pages elementor-widget elementor-widget-heading\" data-id=\"65047cd\" data-element_type=\"widget\" data-e-type=\"widget\" data-widget_type=\"heading.default\">\n\t\t\t\t<div class=\"elementor-widget-container\">\n\t\t\t\t\t<h1 class=\"elementor-heading-title elementor-size-default\">Cursos R\u00e1pidos<\/h1>\t\t\t\t<\/div>\n\t\t\t\t<\/div>\n\t\t\t\t\t<\/div>\n\t\t\t\t<\/div>\n\t\t\t\t<section class=\"elementor-section elementor-top-section elementor-element elementor-element-fb74bad elementor-section-boxed elementor-section-height-default elementor-section-height-default\" data-id=\"fb74bad\" data-element_type=\"section\" data-e-type=\"section\">\n\t\t\t\t\t\t<div class=\"elementor-container elementor-column-gap-default\">\n\t\t\t\t\t<div class=\"elementor-column elementor-col-100 elementor-top-column elementor-element elementor-element-3db0516\" data-id=\"3db0516\" data-element_type=\"column\" data-e-type=\"column\">\n\t\t\t<div class=\"elementor-widget-wrap elementor-element-populated\">\n\t\t\t\t\t\t<div class=\"elementor-element elementor-element-d760f15 elementor-widget elementor-widget-spacer\" data-id=\"d760f15\" data-element_type=\"widget\" data-e-type=\"widget\" data-widget_type=\"spacer.default\">\n\t\t\t\t<div class=\"elementor-widget-container\">\n\t\t\t\t\t\t\t<div class=\"elementor-spacer\">\n\t\t\t<div class=\"elementor-spacer-inner\"><\/div>\n\t\t<\/div>\n\t\t\t\t\t\t<\/div>\n\t\t\t\t<\/div>\n\t\t\t\t\t<\/div>\n\t\t<\/div>\n\t\t\t\t\t<\/div>\n\t\t<\/section>\n\t\t<div class=\"elementor-element elementor-element-6e69058 e-flex e-con-boxed e-con e-parent\" data-id=\"6e69058\" data-element_type=\"container\" data-e-type=\"container\">\n\t\t\t\t\t<div class=\"e-con-inner\">\n\t\t<div class=\"elementor-element elementor-element-56c60dd e-con-full elementor-hidden-tablet elementor-hidden-mobile e-flex e-con e-child\" data-id=\"56c60dd\" data-element_type=\"container\" data-e-type=\"container\">\n\t\t\t\t<div class=\"elementor-element elementor-element-b27b11a elementor-invisible elementor-widget elementor-widget-image\" data-id=\"b27b11a\" data-element_type=\"widget\" data-e-type=\"widget\" data-settings=\"{&quot;_animation&quot;:&quot;fadeInUp&quot;,&quot;_animation_delay&quot;:150}\" data-widget_type=\"image.default\">\n\t\t\t\t<div class=\"elementor-widget-container\">\n\t\t\t\t\t\t\t\t\t\t\t\t\t\t\t<img fetchpriority=\"high\" decoding=\"async\" width=\"800\" height=\"518\" src=\"https:\/\/eetad.com.br\/wp-content\/uploads\/2023\/08\/cursos-livres-01.webp\" class=\"attachment-large size-large wp-image-2699\" alt=\"\" srcset=\"https:\/\/eetad.com.br\/wp-content\/uploads\/2023\/08\/cursos-livres-01.webp 881w, https:\/\/eetad.com.br\/wp-content\/uploads\/2023\/08\/cursos-livres-01-300x194.webp 300w, https:\/\/eetad.com.br\/wp-content\/uploads\/2023\/08\/cursos-livres-01-768x497.webp 768w\" sizes=\"(max-width: 800px) 100vw, 800px\" \/>\t\t\t\t\t\t\t\t\t\t\t\t\t\t\t<\/div>\n\t\t\t\t<\/div>\n\t\t\t\t<\/div>\n\t\t<div class=\"elementor-element elementor-element-48024a1 e-con-full e-flex e-con e-child\" data-id=\"48024a1\" data-element_type=\"container\" data-e-type=\"container\">\n\t\t\t\t<div class=\"elementor-element elementor-element-1b711df elementor-widget elementor-widget-heading\" data-id=\"1b711df\" data-element_type=\"widget\" data-e-type=\"widget\" data-widget_type=\"heading.default\">\n\t\t\t\t<div class=\"elementor-widget-container\">\n\t\t\t\t\t<h2 class=\"elementor-heading-title elementor-size-default\">Aprender sempre<\/h2>\t\t\t\t<\/div>\n\t\t\t\t<\/div>\n\t\t\t\t<div class=\"elementor-element elementor-element-a97a468 elementor-widget elementor-widget-text-editor\" data-id=\"a97a468\" data-element_type=\"widget\" data-e-type=\"widget\" data-widget_type=\"text-editor.default\">\n\t\t\t\t<div class=\"elementor-widget-container\">\n\t\t\t\t\t\t\t\t\t<p>Al\u00e9m dos tradicionais cursos teol\u00f3gicos, a EETAD produz conte\u00fados totalmente digitais e de curta dura\u00e7\u00e3o. Nossa prateleira de cursos r\u00e1pidos est\u00e1 ao seu dispor. Acesse a plataforma\u00a0<em>Aleteia<\/em>. Ela \u00e9 intuitiva, interativa e compat\u00edvel com celulares, computadores, tablets e smart TVs. Em poucas horas, muito conte\u00fado e total aproveitamento.<\/p>\t\t\t\t\t\t\t\t<\/div>\n\t\t\t\t<\/div>\n\t\t\t\t<\/div>\n\t\t\t\t\t<\/div>\n\t\t\t\t<\/div>\n\t\t\t\t<section class=\"elementor-section elementor-top-section elementor-element elementor-element-4b4a3f8 elementor-section-boxed elementor-section-height-default elementor-section-height-default\" data-id=\"4b4a3f8\" data-element_type=\"section\" data-e-type=\"section\">\n\t\t\t\t\t\t<div class=\"elementor-container elementor-column-gap-default\">\n\t\t\t\t\t<div class=\"elementor-column elementor-col-100 elementor-top-column elementor-element elementor-element-16f9ecf\" data-id=\"16f9ecf\" data-element_type=\"column\" data-e-type=\"column\">\n\t\t\t<div class=\"elementor-widget-wrap elementor-element-populated\">\n\t\t\t\t\t\t<div class=\"elementor-element elementor-element-68bdb5b elementor-widget elementor-widget-spacer\" data-id=\"68bdb5b\" data-element_type=\"widget\" data-e-type=\"widget\" data-widget_type=\"spacer.default\">\n\t\t\t\t<div class=\"elementor-widget-container\">\n\t\t\t\t\t\t\t<div class=\"elementor-spacer\">\n\t\t\t<div class=\"elementor-spacer-inner\"><\/div>\n\t\t<\/div>\n\t\t\t\t\t\t<\/div>\n\t\t\t\t<\/div>\n\t\t\t\t\t<\/div>\n\t\t<\/div>\n\t\t\t\t\t<\/div>\n\t\t<\/section>\n\t\t<div class=\"elementor-element elementor-element-2824418 e-con-full e-flex elementor-invisible e-con e-parent\" data-id=\"2824418\" data-element_type=\"container\" data-e-type=\"container\" data-settings=\"{&quot;background_background&quot;:&quot;classic&quot;,&quot;animation&quot;:&quot;fadeIn&quot;,&quot;animation_delay&quot;:100}\">\n\t\t<div class=\"elementor-element elementor-element-69bd217 e-flex e-con-boxed e-con e-child\" data-id=\"69bd217\" data-element_type=\"container\" data-e-type=\"container\">\n\t\t\t\t\t<div class=\"e-con-inner\">\n\t\t\t\t<div class=\"elementor-element elementor-element-eef95bb elementor-widget elementor-widget-spacer\" data-id=\"eef95bb\" data-element_type=\"widget\" data-e-type=\"widget\" data-widget_type=\"spacer.default\">\n\t\t\t\t<div class=\"elementor-widget-container\">\n\t\t\t\t\t\t\t<div class=\"elementor-spacer\">\n\t\t\t<div class=\"elementor-spacer-inner\"><\/div>\n\t\t<\/div>\n\t\t\t\t\t\t<\/div>\n\t\t\t\t<\/div>\n\t\t<div class=\"elementor-element elementor-element-a1f9ab3 e-flex e-con-boxed e-con e-child\" data-id=\"a1f9ab3\" data-element_type=\"container\" data-e-type=\"container\">\n\t\t\t\t\t<div class=\"e-con-inner\">\n\t\t<div class=\"elementor-element elementor-element-4262a23 e-con-full e-flex e-con e-child\" data-id=\"4262a23\" data-element_type=\"container\" data-e-type=\"container\">\n\t\t\t\t<div class=\"elementor-element elementor-element-ea0ed42 elementor-widget elementor-widget-image\" data-id=\"ea0ed42\" data-element_type=\"widget\" data-e-type=\"widget\" data-widget_type=\"image.default\">\n\t\t\t\t<div class=\"elementor-widget-container\">\n\t\t\t\t\t\t\t\t\t\t\t\t\t\t\t\t<a href=\"https:\/\/aleteia.orbitpages.online\/?v=1693506330656\" target=\"_blank\">\n\t\t\t\t\t\t\t<img decoding=\"async\" width=\"300\" height=\"580\" src=\"https:\/\/eetad.com.br\/wp-content\/uploads\/2023\/08\/cursos-aleteia1.webp\" class=\"attachment-full size-full wp-image-2701\" alt=\"\" srcset=\"https:\/\/eetad.com.br\/wp-content\/uploads\/2023\/08\/cursos-aleteia1.webp 300w, https:\/\/eetad.com.br\/wp-content\/uploads\/2023\/08\/cursos-aleteia1-155x300.webp 155w\" sizes=\"(max-width: 300px) 100vw, 300px\" \/>\t\t\t\t\t\t\t\t<\/a>\n\t\t\t\t\t\t\t\t\t\t\t\t\t\t\t<\/div>\n\t\t\t\t<\/div>\n\t\t\t\t<\/div>\n\t\t<div class=\"elementor-element elementor-element-1a40c5b e-con-full e-flex e-con e-child\" data-id=\"1a40c5b\" data-element_type=\"container\" data-e-type=\"container\">\n\t\t\t\t<div class=\"elementor-element elementor-element-1b9c820 elementor-widget elementor-widget-image\" data-id=\"1b9c820\" data-element_type=\"widget\" data-e-type=\"widget\" data-widget_type=\"image.default\">\n\t\t\t\t<div class=\"elementor-widget-container\">\n\t\t\t\t\t\t\t\t\t\t\t\t\t\t\t\t<a href=\"https:\/\/aleteia.orbitpages.online\/?v=1693506330656\" target=\"_blank\">\n\t\t\t\t\t\t\t<img decoding=\"async\" width=\"300\" height=\"580\" src=\"https:\/\/eetad.com.br\/wp-content\/uploads\/2023\/08\/cursos-aleteia3.webp\" class=\"attachment-full size-full wp-image-2703\" alt=\"\" srcset=\"https:\/\/eetad.com.br\/wp-content\/uploads\/2023\/08\/cursos-aleteia3.webp 300w, https:\/\/eetad.com.br\/wp-content\/uploads\/2023\/08\/cursos-aleteia3-155x300.webp 155w\" sizes=\"(max-width: 300px) 100vw, 300px\" \/>\t\t\t\t\t\t\t\t<\/a>\n\t\t\t\t\t\t\t\t\t\t\t\t\t\t\t<\/div>\n\t\t\t\t<\/div>\n\t\t\t\t<\/div>\n\t\t<div class=\"elementor-element elementor-element-75a733d e-con-full e-flex e-con e-child\" data-id=\"75a733d\" data-element_type=\"container\" data-e-type=\"container\">\n\t\t\t\t<div class=\"elementor-element elementor-element-3466b96 elementor-widget elementor-widget-image\" data-id=\"3466b96\" data-element_type=\"widget\" data-e-type=\"widget\" data-widget_type=\"image.default\">\n\t\t\t\t<div class=\"elementor-widget-container\">\n\t\t\t\t\t\t\t\t\t\t\t\t\t\t\t\t<a href=\"https:\/\/aleteia.orbitpages.online\/?v=1693506330656\" target=\"_blank\">\n\t\t\t\t\t\t\t<img loading=\"lazy\" decoding=\"async\" width=\"300\" height=\"580\" src=\"https:\/\/eetad.com.br\/wp-content\/uploads\/2023\/08\/cursos-aleteia2.webp\" class=\"attachment-full size-full wp-image-2702\" alt=\"\" srcset=\"https:\/\/eetad.com.br\/wp-content\/uploads\/2023\/08\/cursos-aleteia2.webp 300w, https:\/\/eetad.com.br\/wp-content\/uploads\/2023\/08\/cursos-aleteia2-155x300.webp 155w\" sizes=\"(max-width: 300px) 100vw, 300px\" \/>\t\t\t\t\t\t\t\t<\/a>\n\t\t\t\t\t\t\t\t\t\t\t\t\t\t\t<\/div>\n\t\t\t\t<\/div>\n\t\t\t\t<\/div>\n\t\t<div class=\"elementor-element elementor-element-c915287 e-con-full e-flex e-con e-child\" data-id=\"c915287\" data-element_type=\"container\" data-e-type=\"container\">\n\t\t\t\t<div class=\"elementor-element elementor-element-465555f elementor-widget elementor-widget-image\" data-id=\"465555f\" data-element_type=\"widget\" data-e-type=\"widget\" data-widget_type=\"image.default\">\n\t\t\t\t<div class=\"elementor-widget-container\">\n\t\t\t\t\t\t\t\t\t\t\t\t\t\t\t\t<a href=\"https:\/\/aleteia.orbitpages.online\/?v=1693506330656\" target=\"_blank\">\n\t\t\t\t\t\t\t<img loading=\"lazy\" decoding=\"async\" width=\"300\" height=\"579\" src=\"https:\/\/eetad.com.br\/wp-content\/uploads\/2023\/08\/cursos-aleteia5.webp\" class=\"attachment-full size-full wp-image-2705\" alt=\"\" srcset=\"https:\/\/eetad.com.br\/wp-content\/uploads\/2023\/08\/cursos-aleteia5.webp 300w, https:\/\/eetad.com.br\/wp-content\/uploads\/2023\/08\/cursos-aleteia5-155x300.webp 155w\" sizes=\"(max-width: 300px) 100vw, 300px\" \/>\t\t\t\t\t\t\t\t<\/a>\n\t\t\t\t\t\t\t\t\t\t\t\t\t\t\t<\/div>\n\t\t\t\t<\/div>\n\t\t\t\t<\/div>\n\t\t\t\t\t<\/div>\n\t\t\t\t<\/div>\n\t\t<div class=\"elementor-element elementor-element-7f2f279 e-flex e-con-boxed e-con e-child\" data-id=\"7f2f279\" data-element_type=\"container\" data-e-type=\"container\">\n\t\t\t\t\t<div class=\"e-con-inner\">\n\t\t<div class=\"elementor-element elementor-element-13d18ed e-con-full e-flex e-con e-child\" data-id=\"13d18ed\" data-element_type=\"container\" data-e-type=\"container\">\n\t\t\t\t<div class=\"elementor-element elementor-element-729122e elementor-widget elementor-widget-image\" data-id=\"729122e\" data-element_type=\"widget\" data-e-type=\"widget\" data-widget_type=\"image.default\">\n\t\t\t\t<div class=\"elementor-widget-container\">\n\t\t\t\t\t\t\t\t\t\t\t\t\t\t\t\t<a href=\"https:\/\/aleteia.orbitpages.online\/?v=1693506330656\" target=\"_blank\">\n\t\t\t\t\t\t\t<img loading=\"lazy\" decoding=\"async\" width=\"299\" height=\"578\" src=\"https:\/\/eetad.com.br\/wp-content\/uploads\/2023\/08\/cursos-aleteia6.webp\" class=\"attachment-full size-full wp-image-2706\" alt=\"\" srcset=\"https:\/\/eetad.com.br\/wp-content\/uploads\/2023\/08\/cursos-aleteia6.webp 299w, https:\/\/eetad.com.br\/wp-content\/uploads\/2023\/08\/cursos-aleteia6-155x300.webp 155w\" sizes=\"(max-width: 299px) 100vw, 299px\" \/>\t\t\t\t\t\t\t\t<\/a>\n\t\t\t\t\t\t\t\t\t\t\t\t\t\t\t<\/div>\n\t\t\t\t<\/div>\n\t\t\t\t<\/div>\n\t\t<div class=\"elementor-element elementor-element-df707d1 e-con-full e-flex e-con e-child\" data-id=\"df707d1\" data-element_type=\"container\" data-e-type=\"container\">\n\t\t\t\t<div class=\"elementor-element elementor-element-edafa19 elementor-widget elementor-widget-image\" data-id=\"edafa19\" data-element_type=\"widget\" data-e-type=\"widget\" data-widget_type=\"image.default\">\n\t\t\t\t<div class=\"elementor-widget-container\">\n\t\t\t\t\t\t\t\t\t\t\t\t\t\t\t\t<a href=\"https:\/\/aleteia.orbitpages.online\/?v=1693506330656\" target=\"_blank\">\n\t\t\t\t\t\t\t<img loading=\"lazy\" decoding=\"async\" width=\"300\" height=\"580\" src=\"https:\/\/eetad.com.br\/wp-content\/uploads\/2023\/08\/cursos-aleteia4.webp\" class=\"attachment-full size-full wp-image-2704\" alt=\"\" srcset=\"https:\/\/eetad.com.br\/wp-content\/uploads\/2023\/08\/cursos-aleteia4.webp 300w, https:\/\/eetad.com.br\/wp-content\/uploads\/2023\/08\/cursos-aleteia4-155x300.webp 155w\" sizes=\"(max-width: 300px) 100vw, 300px\" \/>\t\t\t\t\t\t\t\t<\/a>\n\t\t\t\t\t\t\t\t\t\t\t\t\t\t\t<\/div>\n\t\t\t\t<\/div>\n\t\t\t\t<\/div>\n\t\t\t\t\t<\/div>\n\t\t\t\t<\/div>\n\t\t\t\t<div class=\"elementor-element elementor-element-ad008e1 elementor-widget elementor-widget-spacer\" data-id=\"ad008e1\" data-element_type=\"widget\" data-e-type=\"widget\" data-widget_type=\"spacer.default\">\n\t\t\t\t<div class=\"elementor-widget-container\">\n\t\t\t\t\t\t\t<div class=\"elementor-spacer\">\n\t\t\t<div class=\"elementor-spacer-inner\"><\/div>\n\t\t<\/div>\n\t\t\t\t\t\t<\/div>\n\t\t\t\t<\/div>\n\t\t\t\t\t<\/div>\n\t\t\t\t<\/div>\n\t\t\t\t<\/div>\n\t\t<div class=\"elementor-element elementor-element-dd0cc58 animated-slow e-flex e-con-boxed elementor-invisible e-con e-parent\" data-id=\"dd0cc58\" data-element_type=\"container\" data-e-type=\"container\" data-settings=\"{&quot;animation&quot;:&quot;fadeInUp&quot;,&quot;animation_delay&quot;:150}\">\n\t\t\t\t\t<div class=\"e-con-inner\">\n\t\t<div class=\"elementor-element elementor-element-7e79380 e-flex e-con-boxed e-con e-child\" data-id=\"7e79380\" data-element_type=\"container\" data-e-type=\"container\" data-settings=\"{&quot;background_background&quot;:&quot;classic&quot;}\">\n\t\t\t\t\t<div class=\"e-con-inner\">\n\t\t<div class=\"elementor-element elementor-element-4a55d22 e-con-full e-flex e-con e-child\" data-id=\"4a55d22\" data-element_type=\"container\" data-e-type=\"container\">\n\t\t\t\t<div class=\"elementor-element elementor-element-b58a7b0 elementor-widget-mobile__width-initial elementor-widget elementor-widget-heading\" data-id=\"b58a7b0\" data-element_type=\"widget\" data-e-type=\"widget\" data-widget_type=\"heading.default\">\n\t\t\t\t<div class=\"elementor-widget-container\">\n\t\t\t\t\t<h3 class=\"elementor-heading-title elementor-size-default\">Invista em sua forma\u00e7\u00e3o b\u00edblica continuada, pois o tempo para aprender nunca se acaba<\/h3>\t\t\t\t<\/div>\n\t\t\t\t<\/div>\n\t\t\t\t<div class=\"elementor-element elementor-element-48f29f1 elementor-mobile-align-center elementor-widget elementor-widget-button\" data-id=\"48f29f1\" data-element_type=\"widget\" data-e-type=\"widget\" data-widget_type=\"button.default\">\n\t\t\t\t<div class=\"elementor-widget-container\">\n\t\t\t\t\t\t\t\t\t<div class=\"elementor-button-wrapper\">\n\t\t\t\t\t<a class=\"elementor-button elementor-button-link elementor-size-sm\" href=\"https:\/\/api.whatsapp.com\/send?phone=5519998767851\" target=\"_blank\">\n\t\t\t\t\t\t<span class=\"elementor-button-content-wrapper\">\n\t\t\t\t\t\t\t\t\t<span class=\"elementor-button-text\">Fale com nossa equipe<\/span>\n\t\t\t\t\t<\/span>\n\t\t\t\t\t<\/a>\n\t\t\t\t<\/div>\n\t\t\t\t\t\t\t\t<\/div>\n\t\t\t\t<\/div>\n\t\t\t\t<\/div>\n\t\t<div class=\"elementor-element elementor-element-e459e12 e-flex e-con-boxed e-con e-child\" data-id=\"e459e12\" data-element_type=\"container\" data-e-type=\"container\">\n\t\t\t\t\t<div class=\"e-con-inner\">\n\t\t\t\t<div class=\"elementor-element elementor-element-bcf9863 elementor-widget__width-initial elementor-absolute elementor-hidden-tablet elementor-hidden-mobile elementor-widget elementor-widget-image\" data-id=\"bcf9863\" data-element_type=\"widget\" data-e-type=\"widget\" data-settings=\"{&quot;_position&quot;:&quot;absolute&quot;}\" data-widget_type=\"image.default\">\n\t\t\t\t<div class=\"elementor-widget-container\">\n\t\t\t\t\t\t\t\t\t\t\t\t\t\t\t<img loading=\"lazy\" decoding=\"async\" width=\"800\" height=\"591\" src=\"https:\/\/eetad.com.br\/wp-content\/uploads\/2023\/08\/contato-01b-e1691006050411-1024x756.webp\" class=\"attachment-large size-large wp-image-1787\" alt=\"\" srcset=\"https:\/\/eetad.com.br\/wp-content\/uploads\/2023\/08\/contato-01b-e1691006050411-1024x756.webp 1024w, https:\/\/eetad.com.br\/wp-content\/uploads\/2023\/08\/contato-01b-e1691006050411-300x222.webp 300w, https:\/\/eetad.com.br\/wp-content\/uploads\/2023\/08\/contato-01b-e1691006050411-768x567.webp 768w, https:\/\/eetad.com.br\/wp-content\/uploads\/2023\/08\/contato-01b-e1691006050411.webp 1320w\" sizes=\"(max-width: 800px) 100vw, 800px\" \/>\t\t\t\t\t\t\t\t\t\t\t\t\t\t\t<\/div>\n\t\t\t\t<\/div>\n\t\t\t\t\t<\/div>\n\t\t\t\t<\/div>\n\t\t\t\t\t<\/div>\n\t\t\t\t<\/div>\n\t\t\t\t\t<\/div>\n\t\t\t\t<\/div>\n\t\t\t\t<section class=\"elementor-section elementor-top-section elementor-element elementor-element-126d729 elementor-section-boxed elementor-section-height-default elementor-section-height-default\" data-id=\"126d729\" data-element_type=\"section\" data-e-type=\"section\">\n\t\t\t\t\t\t<div class=\"elementor-container elementor-column-gap-default\">\n\t\t\t\t\t<div class=\"elementor-column elementor-col-100 elementor-top-column elementor-element elementor-element-4871f6d\" data-id=\"4871f6d\" data-element_type=\"column\" data-e-type=\"column\">\n\t\t\t<div class=\"elementor-widget-wrap elementor-element-populated\">\n\t\t\t\t\t\t<div class=\"elementor-element elementor-element-60ec151 elementor-widget elementor-widget-spacer\" data-id=\"60ec151\" data-element_type=\"widget\" data-e-type=\"widget\" data-widget_type=\"spacer.default\">\n\t\t\t\t<div class=\"elementor-widget-container\">\n\t\t\t\t\t\t\t<div class=\"elementor-spacer\">\n\t\t\t<div class=\"elementor-spacer-inner\"><\/div>\n\t\t<\/div>\n\t\t\t\t\t\t<\/div>\n\t\t\t\t<\/div>\n\t\t\t\t\t<\/div>\n\t\t<\/div>\n\t\t\t\t\t<\/div>\n\t\t<\/section>\n\t\t\t\t<\/div>\n\t\t","protected":false},"excerpt":{"rendered":"<p>Cursos R\u00e1pidos Aprender sempre Al\u00e9m dos tradicionais cursos teol\u00f3gicos, a EETAD produz conte\u00fados totalmente digitais e de curta dura\u00e7\u00e3o. Nossa prateleira de cursos r\u00e1pidos est\u00e1 ao seu dispor. Acesse a plataforma\u00a0Aleteia. Ela \u00e9 intuitiva, interativa e compat\u00edvel com celulares, computadores, tablets e smart TVs. Em poucas horas, muito conte\u00fado e total aproveitamento. Invista em sua [&hellip;]<\/p>\n","protected":false},"author":4,"featured_media":0,"parent":0,"menu_order":0,"comment_status":"closed","ping_status":"closed","template":"","meta":{"footnotes":""},"class_list":["post-2155","page","type-page","status-publish","hentry"],"_links":{"self":[{"href":"http:\/\/eetad.com.br\/index.php\/wp-json\/wp\/v2\/pages\/2155","targetHints":{"allow":["GET"]}}],"collection":[{"href":"http:\/\/eetad.com.br\/index.php\/wp-json\/wp\/v2\/pages"}],"about":[{"href":"http:\/\/eetad.com.br\/index.php\/wp-json\/wp\/v2\/types\/page"}],"author":[{"embeddable":true,"href":"http:\/\/eetad.com.br\/index.php\/wp-json\/wp\/v2\/users\/4"}],"replies":[{"embeddable":true,"href":"http:\/\/eetad.com.br\/index.php\/wp-json\/wp\/v2\/comments?post=2155"}],"version-history":[{"count":143,"href":"http:\/\/eetad.com.br\/index.php\/wp-json\/wp\/v2\/pages\/2155\/revisions"}],"predecessor-version":[{"id":7193,"href":"http:\/\/eetad.com.br\/index.php\/wp-json\/wp\/v2\/pages\/2155\/revisions\/7193"}],"wp:attachment":[{"href":"http:\/\/eetad.com.br\/index.php\/wp-json\/wp\/v2\/media?parent=2155"}],"curies":[{"name":"wp","href":"https:\/\/api.w.org\/{rel}","templated":true}]}}