{"id":4563,"date":"2024-03-25T17:46:09","date_gmt":"2024-03-25T20:46:09","guid":{"rendered":"http:\/\/eetad.com.br\/?page_id=4563"},"modified":"2024-03-28T08:40:08","modified_gmt":"2024-03-28T11:40:08","slug":"estudios-en-espanol","status":"publish","type":"page","link":"http:\/\/eetad.com.br\/index.php\/estudios-en-espanol\/","title":{"rendered":"Estudios en Espa\u00f1ol"},"content":{"rendered":"\t\t<div data-elementor-type=\"wp-page\" data-elementor-id=\"4563\" class=\"elementor elementor-4563\">\n\t\t\t\t<div class=\"elementor-element elementor-element-f47cd9a e-flex e-con-boxed e-con e-parent\" data-id=\"f47cd9a\" data-element_type=\"container\" data-e-type=\"container\" data-settings=\"{&quot;background_background&quot;:&quot;classic&quot;}\">\n\t\t\t\t\t<div class=\"e-con-inner\">\n\t\t\t\t<div class=\"elementor-element elementor-element-0eaa2b9 title-pages elementor-widget elementor-widget-heading\" data-id=\"0eaa2b9\" data-element_type=\"widget\" data-e-type=\"widget\" data-widget_type=\"heading.default\">\n\t\t\t\t<div class=\"elementor-widget-container\">\n\t\t\t\t\t<h1 class=\"elementor-heading-title elementor-size-default\">Estudios en Espa\u00f1ol<\/h1>\t\t\t\t<\/div>\n\t\t\t\t<\/div>\n\t\t\t\t\t<\/div>\n\t\t\t\t<\/div>\n\t\t\t\t<section class=\"elementor-section elementor-top-section elementor-element elementor-element-fb74bad elementor-section-boxed elementor-section-height-default elementor-section-height-default\" data-id=\"fb74bad\" data-element_type=\"section\" data-e-type=\"section\">\n\t\t\t\t\t\t<div class=\"elementor-container elementor-column-gap-default\">\n\t\t\t\t\t<div class=\"elementor-column elementor-col-100 elementor-top-column elementor-element elementor-element-3db0516\" data-id=\"3db0516\" data-element_type=\"column\" data-e-type=\"column\">\n\t\t\t<div class=\"elementor-widget-wrap elementor-element-populated\">\n\t\t\t\t\t\t<div class=\"elementor-element elementor-element-d760f15 elementor-hidden-tablet elementor-hidden-mobile elementor-widget elementor-widget-spacer\" data-id=\"d760f15\" data-element_type=\"widget\" data-e-type=\"widget\" data-widget_type=\"spacer.default\">\n\t\t\t\t<div class=\"elementor-widget-container\">\n\t\t\t\t\t\t\t<div class=\"elementor-spacer\">\n\t\t\t<div class=\"elementor-spacer-inner\"><\/div>\n\t\t<\/div>\n\t\t\t\t\t\t<\/div>\n\t\t\t\t<\/div>\n\t\t\t\t\t<\/div>\n\t\t<\/div>\n\t\t\t\t\t<\/div>\n\t\t<\/section>\n\t\t<div class=\"elementor-element elementor-element-620f572 e-flex e-con-boxed e-con e-parent\" data-id=\"620f572\" data-element_type=\"container\" data-e-type=\"container\">\n\t\t\t\t\t<div class=\"e-con-inner\">\n\t\t<div class=\"elementor-element elementor-element-0ecdecf e-con-full e-flex e-con e-child\" data-id=\"0ecdecf\" data-element_type=\"container\" data-e-type=\"container\">\n\t\t\t\t<div class=\"elementor-element elementor-element-f3222b8 animated-slow elementor-invisible elementor-widget elementor-widget-image\" data-id=\"f3222b8\" data-element_type=\"widget\" data-e-type=\"widget\" data-settings=\"{&quot;_animation&quot;:&quot;fadeInUp&quot;,&quot;_animation_delay&quot;:50}\" data-widget_type=\"image.default\">\n\t\t\t\t<div class=\"elementor-widget-container\">\n\t\t\t\t\t\t\t\t\t\t\t\t\t\t\t<img fetchpriority=\"high\" decoding=\"async\" width=\"768\" height=\"576\" src=\"https:\/\/eetad.com.br\/wp-content\/uploads\/2024\/03\/estudio-espanol.jpg\" class=\"attachment-large size-large wp-image-5777\" alt=\"\" srcset=\"https:\/\/eetad.com.br\/wp-content\/uploads\/2024\/03\/estudio-espanol.jpg 768w, https:\/\/eetad.com.br\/wp-content\/uploads\/2024\/03\/estudio-espanol-300x225.jpg 300w\" sizes=\"(max-width: 768px) 100vw, 768px\" \/>\t\t\t\t\t\t\t\t\t\t\t\t\t\t\t<\/div>\n\t\t\t\t<\/div>\n\t\t\t\t<\/div>\n\t\t<div class=\"elementor-element elementor-element-49231de e-con-full e-flex e-con e-child\" data-id=\"49231de\" data-element_type=\"container\" data-e-type=\"container\">\n\t\t\t\t<div class=\"elementor-element elementor-element-774dae0 elementor-widget elementor-widget-text-editor\" data-id=\"774dae0\" data-element_type=\"widget\" data-e-type=\"widget\" data-widget_type=\"text-editor.default\">\n\t\t\t\t<div class=\"elementor-widget-container\">\n\t\t\t\t\t\t\t\t\t<p>Somos la EETAD, la\u00a0<strong>Escuela de Educaci\u00f3n Teol\u00f3gica de las Asambleas de Dios<\/strong>, el seminario b\u00edblico pentecostal m\u00e1s tradicional de Brasil. Nuestra instituci\u00f3n fue fundada en 1979 por el misionero estadounidense Bernhard Johnson, cuya vida estuvo dedicada enteramente al servicio de Dios. Inspirado por un llamado espec\u00edfico del Se\u00f1or, el pastor Bernhard estableci\u00f3 la EETAD, una escuela que se ha convertido en la principal referencia en la ense\u00f1anza teol\u00f3gica pentecostal, fiel a las Escrituras, en Brasil. Nos complace anunciar que ahora ofrecemos el curso teol\u00f3gico de la EETAD completamente disponible en el hermoso idioma espa\u00f1ol, para beneficio de nuestros hermanos en Cristo de habla hispana. A continuaci\u00f3n, encontrar\u00e1 todos los detalles sobre nuestro curso y c\u00f3mo podemos llevarlo a su iglesia.<\/p>\t\t\t\t\t\t\t\t<\/div>\n\t\t\t\t<\/div>\n\t\t\t\t<\/div>\n\t\t\t\t\t<\/div>\n\t\t\t\t<\/div>\n\t\t\t\t<section class=\"elementor-section elementor-top-section elementor-element elementor-element-4b4a3f8 elementor-section-boxed elementor-section-height-default elementor-section-height-default\" data-id=\"4b4a3f8\" data-element_type=\"section\" data-e-type=\"section\">\n\t\t\t\t\t\t<div class=\"elementor-container elementor-column-gap-default\">\n\t\t\t\t\t<div class=\"elementor-column elementor-col-100 elementor-top-column elementor-element elementor-element-16f9ecf\" data-id=\"16f9ecf\" data-element_type=\"column\" data-e-type=\"column\">\n\t\t\t<div class=\"elementor-widget-wrap elementor-element-populated\">\n\t\t\t\t\t\t<div class=\"elementor-element elementor-element-68bdb5b elementor-widget elementor-widget-spacer\" data-id=\"68bdb5b\" data-element_type=\"widget\" data-e-type=\"widget\" data-widget_type=\"spacer.default\">\n\t\t\t\t<div class=\"elementor-widget-container\">\n\t\t\t\t\t\t\t<div class=\"elementor-spacer\">\n\t\t\t<div class=\"elementor-spacer-inner\"><\/div>\n\t\t<\/div>\n\t\t\t\t\t\t<\/div>\n\t\t\t\t<\/div>\n\t\t\t\t\t<\/div>\n\t\t<\/div>\n\t\t\t\t\t<\/div>\n\t\t<\/section>\n\t\t<div class=\"elementor-element elementor-element-2824418 e-con-full e-flex elementor-invisible e-con e-parent\" data-id=\"2824418\" data-element_type=\"container\" data-e-type=\"container\" data-settings=\"{&quot;background_background&quot;:&quot;classic&quot;,&quot;animation&quot;:&quot;fadeIn&quot;,&quot;animation_delay&quot;:100}\">\n\t\t<div class=\"elementor-element elementor-element-69bd217 e-flex e-con-boxed e-con e-child\" data-id=\"69bd217\" data-element_type=\"container\" data-e-type=\"container\">\n\t\t\t\t\t<div class=\"e-con-inner\">\n\t\t\t\t<div class=\"elementor-element elementor-element-eef95bb elementor-widget elementor-widget-spacer\" data-id=\"eef95bb\" data-element_type=\"widget\" data-e-type=\"widget\" data-widget_type=\"spacer.default\">\n\t\t\t\t<div class=\"elementor-widget-container\">\n\t\t\t\t\t\t\t<div class=\"elementor-spacer\">\n\t\t\t<div class=\"elementor-spacer-inner\"><\/div>\n\t\t<\/div>\n\t\t\t\t\t\t<\/div>\n\t\t\t\t<\/div>\n\t\t<div class=\"elementor-element elementor-element-678042a e-flex e-con-boxed e-con e-child\" data-id=\"678042a\" data-element_type=\"container\" data-e-type=\"container\">\n\t\t\t\t\t<div class=\"e-con-inner\">\n\t\t<div class=\"elementor-element elementor-element-eb3c120 e-flex e-con-boxed e-con e-child\" data-id=\"eb3c120\" data-element_type=\"container\" data-e-type=\"container\">\n\t\t\t\t\t<div class=\"e-con-inner\">\n\t\t\t\t<div class=\"elementor-element elementor-element-f718a9b elementor-widget elementor-widget-text-editor\" data-id=\"f718a9b\" data-element_type=\"widget\" data-e-type=\"widget\" data-widget_type=\"text-editor.default\">\n\t\t\t\t<div class=\"elementor-widget-container\">\n\t\t\t\t\t\t\t\t\t<p>Nuestro programa est\u00e1 organizado en tres etapas, tres ciclos de estudio b\u00edblico: el\u00a0<strong>Primero Ciclo B\u00e1sico, el Segundo Ciclo Medio y el Tercer Ciclo Avanzado<\/strong>. Tu iglesia puede tener solamente una clase para el Primer Ciclo B\u00e1sico, pero si lo deseas, puedes ampliar la oferta de cursos al Segundo Ciclo y posteriormente al Tercer Ciclo tambi\u00e9n.<\/p>\t\t\t\t\t\t\t\t<\/div>\n\t\t\t\t<\/div>\n\t\t\t\t\t<\/div>\n\t\t\t\t<\/div>\n\t\t\t\t\t<\/div>\n\t\t\t\t<\/div>\n\t\t\t\t<div class=\"elementor-element elementor-element-8453424 elementor-hidden-tablet elementor-hidden-mobile elementor-widget elementor-widget-spacer\" data-id=\"8453424\" data-element_type=\"widget\" data-e-type=\"widget\" data-widget_type=\"spacer.default\">\n\t\t\t\t<div class=\"elementor-widget-container\">\n\t\t\t\t\t\t\t<div class=\"elementor-spacer\">\n\t\t\t<div class=\"elementor-spacer-inner\"><\/div>\n\t\t<\/div>\n\t\t\t\t\t\t<\/div>\n\t\t\t\t<\/div>\n\t\t\t\t<div class=\"elementor-element elementor-element-fd8aa39 e-n-tabs-mobile elementor-widget elementor-widget-n-tabs\" data-id=\"fd8aa39\" data-element_type=\"widget\" data-e-type=\"widget\" data-settings=\"{&quot;tabs_justify_horizontal&quot;:&quot;start&quot;,&quot;tabs_justify_horizontal_mobile&quot;:&quot;start&quot;,&quot;horizontal_scroll&quot;:&quot;disable&quot;}\" data-widget_type=\"nested-tabs.default\">\n\t\t\t\t<div class=\"elementor-widget-container\">\n\t\t\t\t\t\t\t<div class=\"e-n-tabs\" data-widget-number=\"265857593\" aria-label=\"Abas. Abra itens com &quot;Enter&quot; ou &quot;Espa\u00e7o&quot;, feche com &quot;Escape&quot; e navegue usando as teclas de &quot;Seta&quot;.\">\n\t\t\t<div class=\"e-n-tabs-heading\" role=\"tablist\">\n\t\t\t\t\t<button id=\"e-n-tab-title-2658575931\" data-tab-title-id=\"e-n-tab-title-2658575931\" class=\"e-n-tab-title\" aria-selected=\"true\" data-tab-index=\"1\" role=\"tab\" tabindex=\"0\" aria-controls=\"e-n-tab-content-2658575931\" style=\"--n-tabs-title-order: 1;\">\n\t\t\t\t\t\t<span class=\"e-n-tab-title-text\">\n\t\t\t\tPrimero Ciclo\t\t\t<\/span>\n\t\t<\/button>\n\t\t\t\t<button id=\"e-n-tab-title-2658575932\" data-tab-title-id=\"e-n-tab-title-2658575932\" class=\"e-n-tab-title\" aria-selected=\"false\" data-tab-index=\"2\" role=\"tab\" tabindex=\"-1\" aria-controls=\"e-n-tab-content-2658575932\" style=\"--n-tabs-title-order: 2;\">\n\t\t\t\t\t\t<span class=\"e-n-tab-title-text\">\n\t\t\t\tSegundo Ciclo\t\t\t<\/span>\n\t\t<\/button>\n\t\t\t\t<button id=\"e-n-tab-title-2658575933\" data-tab-title-id=\"e-n-tab-title-2658575933\" class=\"e-n-tab-title\" aria-selected=\"false\" data-tab-index=\"3\" role=\"tab\" tabindex=\"-1\" aria-controls=\"e-n-tab-content-2658575933\" style=\"--n-tabs-title-order: 3;\">\n\t\t\t\t\t\t<span class=\"e-n-tab-title-text\">\n\t\t\t\tTercer Ciclo\t\t\t<\/span>\n\t\t<\/button>\n\t\t\t\t\t<\/div>\n\t\t\t<div class=\"e-n-tabs-content\">\n\t\t\t\t<div id=\"e-n-tab-content-2658575931\" role=\"tabpanel\" aria-labelledby=\"e-n-tab-title-2658575931\" data-tab-index=\"1\" style=\"--n-tabs-title-order: 1;\" class=\"e-active elementor-element elementor-element-3a94c69 e-con-full e-flex e-con e-child\" data-id=\"3a94c69\" data-element_type=\"container\" data-e-type=\"container\">\n\t\t\t\t<div class=\"elementor-element elementor-element-c3d059b elementor-widget elementor-widget-heading\" data-id=\"c3d059b\" data-element_type=\"widget\" data-e-type=\"widget\" data-widget_type=\"heading.default\">\n\t\t\t\t<div class=\"elementor-widget-container\">\n\t\t\t\t\t<h5 class=\"elementor-heading-title elementor-size-default\">Teolog\u00eda B\u00edblica del Antiguo Testamento<\/h5>\t\t\t\t<\/div>\n\t\t\t\t<\/div>\n\t\t\t\t<div class=\"elementor-element elementor-element-2cf1857 elementor-widget elementor-widget-text-editor\" data-id=\"2cf1857\" data-element_type=\"widget\" data-e-type=\"widget\" data-widget_type=\"text-editor.default\">\n\t\t\t\t<div class=\"elementor-widget-container\">\n\t\t\t\t\t\t\t\t\t<p>Esta primera etapa est\u00e1 marcada por la atenci\u00f3n al contenido del Antiguo Testamento, tanto a trav\u00e9s del estudio de las disciplinas b\u00edblicas (cada uno de los libros del Antiguo Testamento) como de materiales auxiliares, como la Teolog\u00eda B\u00edblica del Antiguo Testamento.<\/p>\t\t\t\t\t\t\t\t<\/div>\n\t\t\t\t<\/div>\n\t\t\t\t<div class=\"elementor-element elementor-element-c57d8ad elementor-widget elementor-widget-heading\" data-id=\"c57d8ad\" data-element_type=\"widget\" data-e-type=\"widget\" data-widget_type=\"heading.default\">\n\t\t\t\t<div class=\"elementor-widget-container\">\n\t\t\t\t\t<h5 class=\"elementor-heading-title elementor-size-default\">Disciplinas<\/h5>\t\t\t\t<\/div>\n\t\t\t\t<\/div>\n\t\t\t\t<div class=\"elementor-element elementor-element-2a372cc elementor-widget elementor-widget-text-editor\" data-id=\"2a372cc\" data-element_type=\"widget\" data-e-type=\"widget\" data-widget_type=\"text-editor.default\">\n\t\t\t\t<div class=\"elementor-widget-container\">\n\t\t\t\t\t\t\t\t\t<p><strong>01.<\/strong>\u00a0\u00a0\u00a0Bibliolog\u00eda<br \/><strong>02.<\/strong>\u00a0\u00a0\u00a0Identidad teol\u00f3gica<br \/><strong>03.<\/strong>\u00a0 \u00a0Doctrinas fundamentales de la Biblia<br \/><strong>04.<\/strong>\u00a0\u00a0\u00a0Hermen\u00e9utica B\u00edblica<br \/><strong>05.<\/strong>\u00a0\u00a0\u00a0Pentateuco<br \/><strong>06.<\/strong>\u00a0\u00a0\u00a0Geograf\u00eda b\u00edblica<br \/><strong>07.\u00a0<\/strong>\u00a0\u00a0\u00a0Libros hist\u00f3ricos<br \/><strong>08.<\/strong>\u00a0\u00a0\u00a0Libros po\u00e9ticos<br \/><strong>09.<\/strong>\u00a0\u00a0\u00a0Profetas Mayores<br \/><strong>10.<\/strong>\u00a0\u00a0\u00a0Daniel y Apocalipsis<br \/><strong>11.<\/strong>\u00a0\u00a0\u00a0Profetas Menores<br \/><strong>12.<\/strong> \u00a0\u00a0Teolog\u00eda del Antiguo Testamento<\/p>\t\t\t\t\t\t\t\t<\/div>\n\t\t\t\t<\/div>\n\t\t\t\t<\/div>\n\t\t<div id=\"e-n-tab-content-2658575932\" role=\"tabpanel\" aria-labelledby=\"e-n-tab-title-2658575932\" data-tab-index=\"2\" style=\"--n-tabs-title-order: 2;\" class=\" elementor-element elementor-element-d84e889 e-con-full e-flex e-con e-child\" data-id=\"d84e889\" data-element_type=\"container\" data-e-type=\"container\">\n\t\t\t\t<div class=\"elementor-element elementor-element-b4ebb4d elementor-widget elementor-widget-heading\" data-id=\"b4ebb4d\" data-element_type=\"widget\" data-e-type=\"widget\" data-widget_type=\"heading.default\">\n\t\t\t\t<div class=\"elementor-widget-container\">\n\t\t\t\t\t<h5 class=\"elementor-heading-title elementor-size-default\">Teolog\u00eda B\u00edblica del Nuevo Testamento<\/h5>\t\t\t\t<\/div>\n\t\t\t\t<\/div>\n\t\t\t\t<div class=\"elementor-element elementor-element-5b3f516 elementor-widget elementor-widget-text-editor\" data-id=\"5b3f516\" data-element_type=\"widget\" data-e-type=\"widget\" data-widget_type=\"text-editor.default\">\n\t\t\t\t<div class=\"elementor-widget-container\">\n\t\t\t\t\t\t\t\t\t<p>La segunda etapa est\u00e1 dedicada al Nuevo Testamento, estudiando tambi\u00e9n cada uno de sus evangelios, libros y ep\u00edstolas. El segundo ciclo tambi\u00e9n ofrece materiales instrumentales que facilitan la asimilaci\u00f3n de las doctrinas b\u00edblicas contenidas en el Nuevo Testamento.<\/p>\t\t\t\t\t\t\t\t<\/div>\n\t\t\t\t<\/div>\n\t\t\t\t<div class=\"elementor-element elementor-element-145d9b2 elementor-widget elementor-widget-heading\" data-id=\"145d9b2\" data-element_type=\"widget\" data-e-type=\"widget\" data-widget_type=\"heading.default\">\n\t\t\t\t<div class=\"elementor-widget-container\">\n\t\t\t\t\t<h5 class=\"elementor-heading-title elementor-size-default\">Disciplinas<\/h5>\t\t\t\t<\/div>\n\t\t\t\t<\/div>\n\t\t\t\t<div class=\"elementor-element elementor-element-217a7fa elementor-widget elementor-widget-text-editor\" data-id=\"217a7fa\" data-element_type=\"widget\" data-e-type=\"widget\" data-widget_type=\"text-editor.default\">\n\t\t\t\t<div class=\"elementor-widget-container\">\n\t\t\t\t\t\t\t\t\t<p><strong>01.\u00a0 \u00a0<\/strong>La doctrina de Dios<br \/><strong>02.\u00a0 \u00a0<\/strong>Evangelios<br \/><strong>03.\u00a0 \u00a0<\/strong>Doctrina de Cristo<br \/><strong>04.\u00a0 \u00a0<\/strong>Los Hechos de los Ap\u00f3stoles<br \/><strong>05.\u00a0 \u00a0<\/strong>Doctrina del Esp\u00edritu Santo<br \/><strong>06.\u00a0 \u00a0<\/strong>Ep\u00edstolas Paulinas I<br \/><strong>07.\u00a0 \u00a0<\/strong>Ep\u00edstolas Paulinas II<br \/><strong>08.\u00a0 \u00a0<\/strong>Ep\u00edstolas Paulinas III<br \/><strong>09.\u00a0 \u00a0<\/strong>Ep\u00edstolas a los Hebreos<br \/><strong>10.\u00a0 \u00a0<\/strong>Ep\u00edstolas generales<br \/><strong>11.\u00a0\u00a0\u00a0<\/strong>Escatolog\u00eda b\u00edblica<br \/><strong>12.\u00a0\u00a0\u00a0<\/strong>Teolog\u00eda del Nuevo Testamento<\/p>\t\t\t\t\t\t\t\t<\/div>\n\t\t\t\t<\/div>\n\t\t\t\t<\/div>\n\t\t<div id=\"e-n-tab-content-2658575933\" role=\"tabpanel\" aria-labelledby=\"e-n-tab-title-2658575933\" data-tab-index=\"3\" style=\"--n-tabs-title-order: 3;\" class=\" elementor-element elementor-element-3504fef e-con-full e-flex e-con e-child\" data-id=\"3504fef\" data-element_type=\"container\" data-e-type=\"container\">\n\t\t\t\t<div class=\"elementor-element elementor-element-e23f63c elementor-widget elementor-widget-heading\" data-id=\"e23f63c\" data-element_type=\"widget\" data-e-type=\"widget\" data-widget_type=\"heading.default\">\n\t\t\t\t<div class=\"elementor-widget-container\">\n\t\t\t\t\t<h5 class=\"elementor-heading-title elementor-size-default\">Instrumentaci\u00f3n Teol\u00f3gica<\/h5>\t\t\t\t<\/div>\n\t\t\t\t<\/div>\n\t\t\t\t<div class=\"elementor-element elementor-element-b732d54 elementor-widget elementor-widget-text-editor\" data-id=\"b732d54\" data-element_type=\"widget\" data-e-type=\"widget\" data-widget_type=\"text-editor.default\">\n\t\t\t\t<div class=\"elementor-widget-container\">\n\t\t\t\t\t\t\t\t\t<p>La segunda etapa est\u00e1 dedicada al Nuevo Testamento, estudiando tambi\u00e9n cada uno de sus evangelios, libros y ep\u00edstolas. El segundo ciclo tambi\u00e9n ofrece materiales instrumentales que facilitan la asimilaci\u00f3n de las doctrinas b\u00edblicas contenidas en el Nuevo Testamento.<\/p>\t\t\t\t\t\t\t\t<\/div>\n\t\t\t\t<\/div>\n\t\t\t\t<div class=\"elementor-element elementor-element-cadf63a elementor-widget elementor-widget-heading\" data-id=\"cadf63a\" data-element_type=\"widget\" data-e-type=\"widget\" data-widget_type=\"heading.default\">\n\t\t\t\t<div class=\"elementor-widget-container\">\n\t\t\t\t\t<h5 class=\"elementor-heading-title elementor-size-default\">Disciplinas<\/h5>\t\t\t\t<\/div>\n\t\t\t\t<\/div>\n\t\t\t\t<div class=\"elementor-element elementor-element-37a3ed3 elementor-widget elementor-widget-text-editor\" data-id=\"37a3ed3\" data-element_type=\"widget\" data-e-type=\"widget\" data-widget_type=\"text-editor.default\">\n\t\t\t\t<div class=\"elementor-widget-container\">\n\t\t\t\t\t\t\t\t\t<p><strong>01.\u00a0\u00a0\u00a0<\/strong>Historia de la Iglesia<br \/><strong>02.\u00a0\u00a0\u00a0<\/strong>Griego del Nuevo Testamento<br \/><strong>03.\u00a0\u00a0\u00a0<\/strong>\u00c1ngeles, Hombres y Pecado<br \/><strong>04.\u00a0\u00a0\u00a0<\/strong>Doctrina de la Salvaci\u00f3n<br \/><strong>05.\u00a0\u00a0\u00a0<\/strong>Evangelismo y Misiones<br \/><strong>06.\u00a0\u00a0\u00a0<\/strong>Sectas y Herej\u00edas<br \/><strong>07.\u00a0\u00a0\u00a0<\/strong>Religiones del mundo<br \/><strong>08.\u00a0\u00a0\u00a0<\/strong>Teolog\u00eda y ciencia<br \/><strong>09.\u00a0\u00a0\u00a0<\/strong>\u00c9tica cristiana<br \/><strong>10.\u00a0\u00a0\u00a0<\/strong>Relaci\u00f3n cristiana<br \/><strong>11.\u00a0\u00a0\u00a0<\/strong>Homil\u00e9tica<br \/><strong>12.\u00a0\u00a0\u00a0<\/strong>Did\u00e1ctica General<\/p>\t\t\t\t\t\t\t\t<\/div>\n\t\t\t\t<\/div>\n\t\t\t\t<\/div>\n\t\t\t\t\t<\/div>\n\t\t<\/div>\n\t\t\t\t\t\t<\/div>\n\t\t\t\t<\/div>\n\t\t\t\t<div class=\"elementor-element elementor-element-ad008e1 elementor-widget elementor-widget-spacer\" data-id=\"ad008e1\" data-element_type=\"widget\" data-e-type=\"widget\" data-widget_type=\"spacer.default\">\n\t\t\t\t<div class=\"elementor-widget-container\">\n\t\t\t\t\t\t\t<div class=\"elementor-spacer\">\n\t\t\t<div class=\"elementor-spacer-inner\"><\/div>\n\t\t<\/div>\n\t\t\t\t\t\t<\/div>\n\t\t\t\t<\/div>\n\t\t\t\t\t<\/div>\n\t\t\t\t<\/div>\n\t\t\t\t<\/div>\n\t\t<div class=\"elementor-element elementor-element-dd0cc58 animated-slow e-flex e-con-boxed elementor-invisible e-con e-parent\" data-id=\"dd0cc58\" data-element_type=\"container\" data-e-type=\"container\" data-settings=\"{&quot;animation&quot;:&quot;fadeInUp&quot;,&quot;animation_delay&quot;:150}\">\n\t\t\t\t\t<div class=\"e-con-inner\">\n\t\t<div class=\"elementor-element elementor-element-7e79380 e-flex e-con-boxed e-con e-child\" data-id=\"7e79380\" data-element_type=\"container\" data-e-type=\"container\" data-settings=\"{&quot;background_background&quot;:&quot;classic&quot;}\">\n\t\t\t\t\t<div class=\"e-con-inner\">\n\t\t<div class=\"elementor-element elementor-element-4a55d22 e-con-full e-flex e-con e-child\" data-id=\"4a55d22\" data-element_type=\"container\" data-e-type=\"container\">\n\t\t\t\t<div class=\"elementor-element elementor-element-b58a7b0 elementor-widget-mobile__width-initial elementor-widget-tablet__width-inherit elementor-widget elementor-widget-heading\" data-id=\"b58a7b0\" data-element_type=\"widget\" data-e-type=\"widget\" data-widget_type=\"heading.default\">\n\t\t\t\t<div class=\"elementor-widget-container\">\n\t\t\t\t\t<h3 class=\"elementor-heading-title elementor-size-default\">Ense\u00f1ando hasta los confines de la tierra<\/h3>\t\t\t\t<\/div>\n\t\t\t\t<\/div>\n\t\t\t\t<div class=\"elementor-element elementor-element-48f29f1 elementor-mobile-align-center elementor-widget elementor-widget-button\" data-id=\"48f29f1\" data-element_type=\"widget\" data-e-type=\"widget\" data-widget_type=\"button.default\">\n\t\t\t\t<div class=\"elementor-widget-container\">\n\t\t\t\t\t\t\t\t\t<div class=\"elementor-button-wrapper\">\n\t\t\t\t\t<a class=\"elementor-button elementor-button-link elementor-size-sm\" href=\"https:\/\/api.whatsapp.com\/send?phone=5519998767851\" target=\"_blank\">\n\t\t\t\t\t\t<span class=\"elementor-button-content-wrapper\">\n\t\t\t\t\t\t\t\t\t<span class=\"elementor-button-text\">CONT\u00c1CTENOS<\/span>\n\t\t\t\t\t<\/span>\n\t\t\t\t\t<\/a>\n\t\t\t\t<\/div>\n\t\t\t\t\t\t\t\t<\/div>\n\t\t\t\t<\/div>\n\t\t\t\t<\/div>\n\t\t<div class=\"elementor-element elementor-element-e459e12 elementor-hidden-tablet elementor-hidden-mobile e-flex e-con-boxed e-con e-child\" data-id=\"e459e12\" data-element_type=\"container\" data-e-type=\"container\">\n\t\t\t\t\t<div class=\"e-con-inner\">\n\t\t\t\t<div class=\"elementor-element elementor-element-bcf9863 elementor-widget__width-initial elementor-absolute elementor-hidden-tablet elementor-hidden-mobile elementor-widget elementor-widget-image\" data-id=\"bcf9863\" data-element_type=\"widget\" data-e-type=\"widget\" data-settings=\"{&quot;_position&quot;:&quot;absolute&quot;}\" data-widget_type=\"image.default\">\n\t\t\t\t<div class=\"elementor-widget-container\">\n\t\t\t\t\t\t\t\t\t\t\t\t\t\t\t<img decoding=\"async\" width=\"800\" height=\"591\" src=\"https:\/\/eetad.com.br\/wp-content\/uploads\/2023\/08\/contato-01b-e1691006050411-1024x756.webp\" class=\"attachment-large size-large wp-image-1787\" alt=\"\" srcset=\"https:\/\/eetad.com.br\/wp-content\/uploads\/2023\/08\/contato-01b-e1691006050411-1024x756.webp 1024w, https:\/\/eetad.com.br\/wp-content\/uploads\/2023\/08\/contato-01b-e1691006050411-300x222.webp 300w, https:\/\/eetad.com.br\/wp-content\/uploads\/2023\/08\/contato-01b-e1691006050411-768x567.webp 768w, https:\/\/eetad.com.br\/wp-content\/uploads\/2023\/08\/contato-01b-e1691006050411.webp 1320w\" sizes=\"(max-width: 800px) 100vw, 800px\" \/>\t\t\t\t\t\t\t\t\t\t\t\t\t\t\t<\/div>\n\t\t\t\t<\/div>\n\t\t\t\t\t<\/div>\n\t\t\t\t<\/div>\n\t\t\t\t\t<\/div>\n\t\t\t\t<\/div>\n\t\t\t\t\t<\/div>\n\t\t\t\t<\/div>\n\t\t\t\t<section class=\"elementor-section elementor-top-section elementor-element elementor-element-126d729 elementor-section-boxed elementor-section-height-default elementor-section-height-default\" data-id=\"126d729\" data-element_type=\"section\" data-e-type=\"section\">\n\t\t\t\t\t\t<div class=\"elementor-container elementor-column-gap-default\">\n\t\t\t\t\t<div class=\"elementor-column elementor-col-100 elementor-top-column elementor-element elementor-element-4871f6d\" data-id=\"4871f6d\" data-element_type=\"column\" data-e-type=\"column\">\n\t\t\t<div class=\"elementor-widget-wrap elementor-element-populated\">\n\t\t\t\t\t\t<div class=\"elementor-element elementor-element-60ec151 elementor-widget elementor-widget-spacer\" data-id=\"60ec151\" data-element_type=\"widget\" data-e-type=\"widget\" data-widget_type=\"spacer.default\">\n\t\t\t\t<div class=\"elementor-widget-container\">\n\t\t\t\t\t\t\t<div class=\"elementor-spacer\">\n\t\t\t<div class=\"elementor-spacer-inner\"><\/div>\n\t\t<\/div>\n\t\t\t\t\t\t<\/div>\n\t\t\t\t<\/div>\n\t\t\t\t\t<\/div>\n\t\t<\/div>\n\t\t\t\t\t<\/div>\n\t\t<\/section>\n\t\t\t\t<\/div>\n\t\t","protected":false},"excerpt":{"rendered":"<p>Estudios en Espa\u00f1ol Somos la EETAD, la\u00a0Escuela de Educaci\u00f3n Teol\u00f3gica de las Asambleas de Dios, el seminario b\u00edblico pentecostal m\u00e1s tradicional de Brasil. Nuestra instituci\u00f3n fue fundada en 1979 por el misionero estadounidense Bernhard Johnson, cuya vida estuvo dedicada enteramente al servicio de Dios. Inspirado por un llamado espec\u00edfico del Se\u00f1or, el pastor Bernhard estableci\u00f3 [&hellip;]<\/p>\n","protected":false},"author":2,"featured_media":0,"parent":0,"menu_order":0,"comment_status":"closed","ping_status":"closed","template":"","meta":{"footnotes":""},"class_list":["post-4563","page","type-page","status-publish","hentry"],"_links":{"self":[{"href":"http:\/\/eetad.com.br\/index.php\/wp-json\/wp\/v2\/pages\/4563","targetHints":{"allow":["GET"]}}],"collection":[{"href":"http:\/\/eetad.com.br\/index.php\/wp-json\/wp\/v2\/pages"}],"about":[{"href":"http:\/\/eetad.com.br\/index.php\/wp-json\/wp\/v2\/types\/page"}],"author":[{"embeddable":true,"href":"http:\/\/eetad.com.br\/index.php\/wp-json\/wp\/v2\/users\/2"}],"replies":[{"embeddable":true,"href":"http:\/\/eetad.com.br\/index.php\/wp-json\/wp\/v2\/comments?post=4563"}],"version-history":[{"count":49,"href":"http:\/\/eetad.com.br\/index.php\/wp-json\/wp\/v2\/pages\/4563\/revisions"}],"predecessor-version":[{"id":5783,"href":"http:\/\/eetad.com.br\/index.php\/wp-json\/wp\/v2\/pages\/4563\/revisions\/5783"}],"wp:attachment":[{"href":"http:\/\/eetad.com.br\/index.php\/wp-json\/wp\/v2\/media?parent=4563"}],"curies":[{"name":"wp","href":"https:\/\/api.w.org\/{rel}","templated":true}]}}